 the units digit of u?
3
Let h(d) = -5*d + 6*d + 1 + 3. Let w be h(9). Let j = -6 + w. What is the units digit of j?
7
Suppose x + 0*i - 3*i - 17 = 0, -4*x = -i - 35. Suppose -6 = 5*r + h - 58, 0 = -3*r + 3*h + 24. Suppose n - x = r. What is the units digit of n?
8
Let z be (-1)/2*3*2. Let c(f) = -1 - 1 + 0 + 0 - 5*f. What is the tens digit of c(z)?
1
Let q(p) = -5*p - 3. Let g be q(-4). Suppose o + g = 38. What is the tens digit of o?
2
Let o = 38 - 27. What is the tens digit of o?
1
Let u(v) be the first derivative of -4*v + 1 - 1/3*v**3 + 5/2*v**2. What is the units digit of u(3)?
2
Suppose 2*k - 28 = -2*z, -k = -3*z + 2*k + 30. Suppose -2*j - z = -5*j. Suppose -8*q = -j*q - 60. What is the units digit of q?
5
Let s be (6/(-3))/2 - -3. Let b = s - 0. What is the units digit of (-244)/(-16) + b/(-8)?
5
Let c be 4/(-1)*(-20)/16. Suppose -4 = -v - 2*f, -f = -c*v - 5*f + 14. Suppose -v*r + 14 = -0. What is the units digit of r?
7
Let w(i) = i + 1. Suppose -2*o + 20 + 14 = 0. Suppose 2*q = -5*a + 2*a + o, 4*q - 2*a = 10. What is the units digit of w(q)?
5
Let n(d) = -6 + d**3 + 4 + 7*d**2 + 0*d - 5*d + 2*d. Suppose 4*b - b + 13 = -4*z, b + 1 = -3*z. What is the tens digit of n(b)?
1
What is the tens digit of 85*(18/5 - 3)?
5
Let m = 49 + -35. Suppose -3*x = y + 5 + 1, 8 = -2*x. Suppose -m = -i - u, 2*i - 3*u - y = 7. What is the units digit of i?
1
Suppose -5*n - 4 = 7*b - 3*b, 8 = 5*b + 3*n. Suppose b*c + c = 90. What is the tens digit of c?
1
Let c(y) = -y**2 - y - 3. Let z be c(0). Let h be 3*(-1)/z - -1. Suppose -s - 5*d + h = -1, d + 2 = 0. What is the units digit of s?
3
Let o = 12 - 7. Let c be ((-4)/o)/(10/175). Let b = c + 26. What is the tens digit of b?
1
Suppose -3*r + 8 = -16. Suppose 0 = n - 0*n - r. What is the units digit of n?
8
Let f(x) = 14*x**2 + 2*x - 1. Let q = 0 + 1. What is the tens digit of f(q)?
1
Let r = 3 + 0. Suppose -4*q = -r*q - 16. What is the units digit of q?
6
Suppose -3 = 8*t - 11*t. What is the units digit of (1/(-1))/(t/(-9))?
9
Let s(a) = a**2 + 9*a - 2. Let d(t) = t + 1. Let x(v) = -2*d(v) + s(v). Let y be x(-8). Suppose -6*g = -2*g - y. What is the units digit of g?
1
What is the tens digit of (107/(-2))/(((-2)/(-2))/(-2))?
0
Let s be (-67)/(-4) + (-2)/(-8). Let n = s + -6. Let i = n + -7. What is the units digit of i?
4
Let z be 2 + (-4)/(1 + 1). Let w be 2/((z - -2)/(-2)). What is the units digit of (-8)/6*(w + -1)?
4
Let a = 4 - -12. Suppose p + 3*p = -3*w + 379, -5*p = -2*w - 445. Suppose -5*d = a - p. What is the units digit of d?
5
Let y(z) = -z**2 + 2*z + 83. What is the tens digit of y(0)?
8
Let s(t) = 19*t**2 + 8. What is the tens digit of s(-3)?
7
Suppose 3*w - 23 = 40. What is the tens digit of w?
2
Suppose -2*u = 4*i - 6*i - 24, -3*u + 41 = -4*i. What is the units digit of u?
7
Let u(b) = -b + 8. What is the units digit of u(-4)?
2
Let h(g) = -g**3 + 6*g**2 + 9*g - 3. What is the units digit of h(7)?
1
Suppose 235 = 5*o + 5*u, 5 = 4*u - 3. What is the tens digit of o?
4
Suppose 0 = -p - p - 14. Let w be (-12)/18 + 35/3. Let n = w + p. What is the units digit of n?
4
Let q(t) = -t**3 + 10*t**2 + 10*t + 15. Let f be q(11). Suppose 5*y + 59 + 69 = f*z, -2*y = 5*z - 160. What is the units digit of z?
2
Let k = 3 + 1. Let w(s) = s**2 - 2*s - 4. Let t be w(k). Suppose 2*x = -t + 8. What is the units digit of x?
2
Let b = 277 + -130. What is the hundreds digit of b?
1
Suppose 0*t - 5*t = 90. Let q = 25 + t. What is the units digit of q?
7
Let c(o) = -7*o - 6 + 4 + 6*o. Let w be c(-5). Suppose 2*d - 22 = -2*p, w*d = 4*d - 4. What is the units digit of p?
7
Suppose -5*k + 711 = -r + 3*r, -12 = -4*r. What is the tens digit of k?
4
Suppose 4*g - 11 = -c, -2*g + 19 = 3*g + 3*c. Let f be -5 + (2 - (g - 1)). Let w(v) = v**3 + 4*v**2 - 2*v - 3. What is the units digit of w(f)?
5
Let u(n) = -n**2 - 9*n + 132. What is the tens digit of u(0)?
3
What is the units digit of (-3 - 124/(-44)) + 5055/33?
3
Let g(i) = 13*i**2 - 13*i + 9. Let s(k) = -7*k - 1 + 7*k**2 - 1 + 5 + 2. Let z(u) = -6*g(u) + 11*s(u). What is the units digit of z(0)?
1
Suppose -4*y - 148 = -0*y + 5*f, 74 = -2*y + 2*f. Suppose 3*u + 45 = -30. Let b = u - y. What is the tens digit of b?
1
Let i(d) be the first derivative of -d**4/4 - 2*d**3 + 7*d**2/2 + d - 5. What is the units digit of i(-7)?
1
What is the hundreds digit of ((-193)/2)/(22/(-44))?
1
Suppose -138 = 8*v - 1042. What is the tens digit of v?
1
Suppose 2*l = -2*b - 6, 5 = -6*b + b - 3*l. Suppose 3*z - 67 + 20 = q, -4*z - b*q + 56 = 0. What is the units digit of z?
5
Let o be ((-8)/(-14))/2*7. Let i(l) = -l + 1 - 1 - o. What is the units digit of i(-4)?
2
Let c(p) = 4 + p**3 + 5*p**2 + 2*p**2 - p**2. Let s be (3 - -3)/(1/(-1)). What is the units digit of c(s)?
4
Let s = 12 + 0. What is the tens digit of s?
1
Let x(g) = g**3 + 5*g**2 - 7*g. Suppose 2*z + 5*i - 20 = 0, 4*z - i = -5*i + 28. Suppose -z*l - 18 = -2*l. What is the units digit of x(l)?
6
Suppose 0 = 13*k - 11*k - 6. Suppose 48 = k*a - 0*a. What is the units digit of a?
6
Let m(h) = h**2 + 2*h + 1. Let y(w) = -4*w**2 + 1. Let v be y(1). What is the units digit of m(v)?
4
Let p = -5 + 2. What is the tens digit of (-1)/(-3) + (-38)/p?
1
Let s(u) = -u**2 + 7*u - 4. Let r be s(6). Let z be (r - -4)/(1 + 0). Suppose -2*h + 19 = 3*n, 2*n - z*n = -3*h + 20. What is the units digit of h?
8
Suppose -2*p = -b, 4*p - 4*b + 4 = -b. Let m be -2 + 3 - (-10)/p. Suppose -5 = d - m*d. What is the units digit of d?
1
Let x = 4 - -1. Suppose -x*m - 8*l + 3*l = -10, -3*m + 4*l = -6. Suppose -2*v - m = 0, -2*p + 3*v + v + 10 = 0. What is the units digit of p?
3
Suppose 3*i = -4*t - 11, -3*t - 18 = -6*i + 5*i. Suppose 3*z - 2*z = n + 23, -i*z - 2*n + 84 = 0. What is the units digit of z?
6
Suppose 2*d + 84 = -2*d. Suppose -3*t = -t - 62. Let j = t + d. What is the tens digit of j?
1
Suppose 0*l + 4*l = 24. Let h be 26/6 + (-2)/6. Suppose -l + 2 = -h*g. What is the units digit of g?
1
Suppose 0 = -5*y + 4*y + 65. What is the tens digit of y?
6
Let q(i) = i**3 + 5*i**2 + 3*i - 1. Let s be q(-3). Suppose s - 33 = -5*x. Suppose 0 = -x*v + 5 - 0. What is the units digit of v?
1
Suppose -2*h = -304 + 76. What is the units digit of h?
4
Suppose 0 = -0*h - h. Let b be 3*1 + (h - -1). What is the units digit of (-66)/(-8) + (-1)/b?
8
Let q(n) = -n + 1. Let t(h) = 10*h - 10. Let z(c) = 12*q(c) + t(c). Let m be z(-3). Suppose 0 = 2*u - 0*u + 2*f - m, 0 = 4*f - 4. What is the units digit of u?
3
Suppose 37*u + 140 = 41*u. What is the units digit of u?
5
What is the units digit of (-1)/3 + 1656/27?
1
Let y(s) = -s**2 - s + 12. Let g be y(0). Let a be ((-4)/(-3))/((-4)/g). What is the units digit of (-3)/(-6) + (-2)/a?
1
Let i(z) = -2*z + 1. Suppose 2*u = 5*b - 21, 0 = -0*b - 2*b - 2*u. Let g = b - 10. What is the units digit of i(g)?
5
Suppose 5*a - 6 + 1 = 0. Suppose 0 = o - d - 16, -o - d + 7 - a = 0. What is the units digit of o?
1
Let t be -1*(2 + (-8)/4). Suppose -2*h - 4*q - 8 = t, -3*h + 0*q = q - 13. What is the units digit of h?
6
Suppose 9*p = 4*p + 15. Suppose -p*u = 2*u - 180. What is the tens digit of u?
3
What is the units digit of ((-14)/(-7))/((-2)/(-16))?
6
Let j(l) = l**2 - 3*l + 4. What is the units digit of j(4)?
8
Let g be (4 - 0)*(-20)/(-16). Suppose -g*p + 5 = -0*p. What is the units digit of p?
1
Let m(q) = -q**3 - 12*q**2 - 10*q - 15. Let j be m(-11). Let y = j - -37. What is the units digit of y?
1
Suppose 2*p - 4*r - 27 = 21, 28 = p - 4*r. Suppose -u = 3*o - 15, -4*o = o - p. What is the units digit of u?
3
Let n(h) = h**3 + 10*h**2 - h + 2. Let d be n(-10). Suppose -q + 0*q + d = 0. What is the tens digit of q?
1
Let j(b) = b - 4. Let u be j(3). Let a = 1 + u. Suppose -4*s + 8 + a = 0. What is the units digit of s?
2
Let b = 15 + -13. What is the units digit of b?
2
Let t be ((-9)/(-12))/((-2)/24). Let g(q) = q**3 + 9*q**2 - 9*q + 6. Let p be g(t). What is the units digit of p/12 - 2/8?
7
Let n = 22 + -19. Suppose 4*y + n*i - 84 = -y, 2*y + i = 33. What is the tens digit of y?
1
What is the tens digit of (-2)/(-5) + 615/25?
2
Let b(y) = -y - 8. Let d be b(-12). What is the tens digit of d/14 + (-408)/(-42)?
1
Let y(d) = -d**2 + 10*d + 2. Let i = -2 - -12. Let v be y(i). What is the units digit of (-1)/v*-2*4?
4
Let u(p) = -p - 1